 base 12
-2574
Convert 21856 (base 14) to base 16.
13d44
Convert -26 (base 9) to base 16.
-18
What is -87c (base 13) in base 16?
-5af
Convert 4601 (base 8) to base 3.
10100010
Convert -76 (base 14) to base 3.
-10212
-3859 (base 14) to base 5
-304004
What is 1196 (base 12) in base 8?
3702
What is -45a (base 16) in base 9?
-1467
-13260 (base 9) to base 8
-21404
Convert 1530 (base 13) to base 4.
300021
Convert -10231201 (base 4) to base 15.
-5ab7
Convert 1adc (base 15) to base 3.
22000000
What is -4649 (base 11) in base 4?
-1133113
Convert -45548 (base 10) to base 16.
-b1ec
Convert 151066 (base 8) to base 5.
3210224
What is 1000011001011101 (base 2) in base 15?
a2d2
Convert -110111100000 (base 2) to base 6.
-24240
35030 (base 6) to base 3
20211200
What is 184b (base 13) in base 14?
1460
Convert 1634 (base 11) to base 2.
100000101110
100010 (base 5) to base 3
11021221
5480 (base 10) to base 2
1010101101000
What is -35152 (base 6) in base 10?
-5036
-15263 (base 7) to base 4
-1002203
Convert -100132122 (base 4) to base 3.
-10102120100
-823 (base 10) to base 9
-1114
Convert -1a855 (base 11) to base 14.
-a7bd
-24e (base 15) to base 10
-524
45324 (base 6) to base 10
6388
What is -203334 (base 5) in base 6?
-51035
Convert 1053 (base 10) to base 2.
10000011101
176 (base 11) to base 14
108
What is 9a31 (base 14) in base 2?
110100001001011
1315 (base 10) to base 4
110203
What is -5007 (base 10) in base 5?
-130012
110103020 (base 4) to base 7
464255
3788 (base 9) to base 16
b12
Convert -110000001101 (base 2) to base 16.
-c0d
12103 (base 6) to base 12
1033
Convert 112100 (base 3) to base 10.
387
What is -2333 (base 9) in base 13?
-a32
Convert 3474 (base 11) to base 15.
153d
Convert -2181 (base 9) to base 10.
-1612
3116 (base 8) to base 16
64e
What is -11332003 (base 4) in base 13?
-b18b
Convert 1b78 (base 12) to base 4.
311030
What is a26 (base 16) in base 2?
101000100110
Convert -131301 (base 4) to base 13.
-b37
-3406 (base 7) to base 9
-1617
1a428 (base 11) to base 6
335441
Convert 362c (base 15) to base 13.
531c
Convert -7d7 (base 14) to base 9.
-2124
Convert -1027 (base 9) to base 8.
-1362
319 (base 12) to base 5
3303
Convert -41a (base 11) to base 4.
-13321
-15086 (base 9) to base 6
-115340
What is -1100101100 (base 2) in base 11?
-679
Convert 33125 (base 6) to base 2.
1000111101101
What is -43 (base 16) in base 12?
-57
What is -150 (base 7) in base 13?
-66
What is -3220111 (base 4) in base 16?
-3a15
a64 (base 12) to base 16
5ec
Convert 1204 (base 8) to base 6.
2552
Convert 1323 (base 5) to base 12.
159
Convert -2101001020 (base 3) to base 5.
-2443224
a79 (base 13) to base 10
1790
What is -245 (base 8) in base 16?
-a5
What is 2849 (base 12) in base 15?
15b0
Convert -6092 (base 16) to base 6.
-310242
What is -9516 (base 10) in base 3?
-111001110
What is 62043 (base 7) in base 16?
3b13
Convert 15631 (base 9) to base 3.
112201001
2641 (base 8) to base 14
74d
Convert 7490 (base 13) to base 9.
24158
Convert a909 (base 11) to base 2.
11100001001000
9097 (base 10) to base 3
110110221
-10011 (base 4) to base 9
-320
124 (base 10) to base 7
235
Convert 1a58 (base 11) to base 14.
d40
16554 (base 8) to base 14
2a60
What is -4c5 (base 14) in base 12?
-679
What is -150455 (base 6) in base 12?
-842b
What is 11c5 (base 13) in base 9?
3417
What is 1212111 (base 3) in base 12?
957
What is 100100001001 (base 2) in base 8?
4411
What is -39509 (base 11) in base 14?
-1684c
What is 4c5 (base 14) in base 3?
1022110
Convert 315b (base 12) to base 5.
133044
Convert 334 (base 6) to base 15.
8a
What is 381 (base 10) in base 8?
575
a237 (base 11) to base 3
200122102
-3030 (base 4) to base 3
-21120
What is -811 (base 14) in base 8?
-3057
3916 (base 10) to base 8
7514
What is 67220 (base 10) in base 4?
100122110
Convert 31619 (base 10) to base 6.
402215
Convert -86d9 (base 14) to base 6.
-255543
2401 (base 7) to base 12
617
What is -6540 (base 10) in base 6?
-50140
Convert 2b7c (base 15) to base 9.
13730
Convert 33dd (base 16) to base 11.
9a80
Convert 7a97 (base 16) to base 7.
160332
Convert 7277 (base 12) to base 10.
12475
What is -11011101100110 (base 2) in base 7?
-56230
What is -1c2d (base 14) in base 11?
-3950
346526 (base 7) to base 2
1111001110001100
What is 495b (base 14) in base 8?
31025
What is 28003 (base 13) in base 8?
221715
-14453 (base 7) to base 5
-112012
What is 10120010 (base 3) in base 16?
a23
Convert -1409 (base 10) to base 14.
-729
Convert -1033 (base 8) to base 2.
-1000011011
Convert 1220 (base 10) to base 4.
103010
Convert 11511 (base 9) to base 5.
221310
112310 (base 4) to base 15
675
300424 (base 5) to base 7
36444
What is 434 (base 9) in base 7?
1015
Convert 10303 (base 4) to base 11.
25a
What is -1303421 (base 5) in base 3?
-1021221221
11132 (base 5) to base 13
48c
Convert -3564 (base 15) to base 11.
-8583
-12660 (base 8) to base 16
-15b0
Convert -150255 (base 8) to base 7.
-311514
Convert -211225 (base 6) to base 2.
-100001100000001
1d23 (base 14) to base 9
7264
What is 187 (base 14) in base 7?
630
Convert -100100000011 (base 2) to base 9.
-3143
What is 10202130 (base 4) in base 15?
5793
Convert -21202010 (base 3) to base 12.
-3326
What is 8114 (base 15) in base 8?
65154
1006 (base 10) to base 13
5c5
What is -30b2 (base 16) in base 13?
-589c
Convert 6462 (base 8) to base 11.
25a1
What is 1332230 (base 4) in base 5?
224413
-27801 (base 9) to base 7
-106012
Convert -b4 (base 12) to base 14.
-9a
3240 (base 9) to base 8
4521
-24522 (base 13) to base 6
-1233103
Convert -1498 (base 10) to base 4.
-113122
Convert 4343 (base 6) to base 7.
2625
Convert -320230 (base 5) to base 7.
-43111
What is 14a12 (base 13) in base 9?
58513
Convert 3001 (base 10) to base 13.
149b
25126 (base 10) to base 14
922a
Convert 1300424 (base 5) to base 16.
621a
Convert 3030 (base 5) to base 15.
1b0
Convert -5145 (base 6) to base 15.
-515
What is 3228 (base 12) in base 4?
1112000
-5755 (base 11) to base 14
-2a82
Convert 340 (base 12) to base 13.
2ac
-2001021000 (base 3) to base 8
-116534
What is 4616 (base 8) in base 9?
3317
2b41 (base 14) to base 6
55353
8b1 (base 16) to base 14
b4d
Convert 231500 (base 7) to base 3.
2002210112
Convert -22b (base 13) to base 3.
-111220
Convert 12034 (base 5) to base 12.
626
Convert 25251 (base 8) to base 11.
8229
Convert -d0 (base 16) to base 12.
-154
49062 (base 11) to base 7
412602
What is 82e (base 15) in base 9?
2468
Convert -2321200 (base 4) to base 12.
-6a54
Convert -1751 (base 10) to base 5.
-24001
29a84 (base 11) to base 7
235043
What is -100021002 (base 3) in base 6?
-51132
What is 1a871 (base 13) in base 12?
260b3
What is 14640 (base 9) in base 14?
3903
Convert 4144 (base 7) to base 6.
10421
464035 (base 7) to base 12
40074
1063 (base 9) to base 6
3350
-15b4 (base 12) to base 11
-1a3a
-10be (base 16) to base 10
-4286
Convert -263 (base 11) to base 15.
-15b
Convert -1dad (base 14) to base 11.
-4100
What is 3a32 (base 14) in base 7?
41562
Convert -560 (base 7) to base 2.
-100011111
34222 (base 5) to base 10
2437
-1010001111 (base 2) to base 10
-655
What is 1210 (base 8) in base 6?
3000
What is 1cc (base 16) in base 14?
24c
-401 (base 6) to base 16
-91
Convert -9571 (base 14) to base 7.
-135101
What is 212222110 (base 3) in base 5?
1024411
-1139 (base 10) to base 15
-50e
Convert 515 (base 13) to base 14.
459
What is -4025 (base 7) in base 12?
-97b
126 (base 7) to base 15
49
What is -101010100010 (base 2) in base 4?
-222202
Convert -10000000110110000 (base 2) to base 9.
-110437
Convert 689 (base 10) to base 11.
577
156612 (base 7) to base 10
31173
-3e63 (base 15) to base 14
-4c2c
What is 424 (base 11) in base 8?
776
-8c9 (base 14) to base 9
-2348
1000110111010011 (base 2) to base 4
20313103
What is -14114 (base 6) in base 3?
-10000201
-14642 (base 9) to base 10
-10001
What is -38352 (base 9) in base 13?
-b990
What is -121 (base 16) in base 5?
-2124
Convert -22202 (base 6) to base 15.
-db8
-94f (base 16) to base 15
-a8d
What is -dbc (base 14) in base 2?
-101010011010
6446 (base 8) to base 12
1b46
Convert 2120022111 (base 3) to base 13.
19ccc
1163 (base 7) to base 16
1b5
Convert -12077 (base 8) to base 4.
-1100333
Convert 121350 (base 6) to base 11.
8068
10747 (base 11) to base 10
15539
What is -620 (base 11) in base 15?
-34d
Convert 28972 (base